et x = 473 + -466. Let y(c) = -c**3 + 5*c**2 + 8*c + 7. Give y(x).
-35
Let x(b) be the second derivative of -2*b**3/3 + 8*b**2 - 128*b. What is x(7)?
-12
Let x(f) = 3*f - 9. Let m(t) = t + 6 + 6 + 2 - 18. Let r(y) = 5*m(y) - 2*x(y). What is r(-3)?
1
Let i(n) = -3*n + 3. Suppose -4*k - 10 = -c, -4*k = 2*c + 3*c - 26. Let o be ((-105)/(-14) - c) + 7/2. Give i(o).
-12
Let v(m) = -m**3 + 3*m**2 - 3*m + 2. Let n be v(3). Let h(j) = 6*j + 12*j**3 + 4 + 0*j**2 + 4*j**2 - 5 + 4*j**2 - 11*j**3. Give h(n).
6
Let i = -101 - -104. Let z be (i/(-7 + -2))/(5/30). Let q(n) = 3*n**2 + 2*n - 2. Determine q(z).
6
Let l(w) = -w**2 + w - 4. Let o be ((-16)/(-56))/((-2)/(-14)). Suppose -o*g - 15 = -7*g. Suppose 0*p = g*p. What is l(p)?
-4
Let u = -317 + 322. Let s(c) be the second derivative of 0 - 1/6*c**3 - 8*c + 1/20*c**u + 1/2*c**4 - 1/2*c**2. What is s(-6)?
5
Let i(x) = -x + 10. Let c(w) = 3*w - 22. Let m(t) = 2*c(t) + 5*i(t). Suppose 2 - 20 = 3*o. Calculate m(o).
0
Let l(g) = -g**3 + 4*g**2 - 3*g + 3. Let m(j) = -2*j**2 - 4*j - 1. Let u be m(-6). Let c be (-14)/u - (-96)/7. Suppose -s + c = 10. What is l(s)?
-9
Let n(y) = -y**3 + 6*y**2 + 5*y. Let t(j) = j**2 + 1. Let i(s) = n(s) - 2*t(s). Suppose -118 = -34*d + 52. Determine i(d).
-2
Let i(q) = -q + 1. Let h(f) = 15*f - 2. Let a(x) = -h(x) - i(x). Give a(2).
-27
Let z(i) = 7*i. Suppose -w + d = 2*w - 18, -5*w - 2*d + 41 = 0. Let b be 0 - 0/(3 - w). Suppose b = -4*a - 5*q + 6, -4*q = -5*a - 5 - 8. Calculate z(a).
-7
Let i(u) = -u**3 + 7*u**2 - 5*u + 1. Let r be i(6). Suppose -2*o + r = 1. Let a(j) = -2*j + o*j**2 - 4*j**2 - 5 + 3*j + 4*j. Determine a(4).
-1
Let m(v) = -6*v**2 - 7. Let o(n) = -7*n**2 - n - 7. Let j(r) = -6*m(r) + 5*o(r). Give j(5).
7
Let a(v) = -v**2 - 3*v + 2. Let p be a(-3). Let u(x) = x + x**3 + x**p - 3*x**2 + x**2. Suppose 3*q = -3*q + 2*q. What is u(q)?
0
Let a(n) = -3*n - 6. Let i(v) = 7*v + 7. Let p be i(3). Suppose -6*t = t + p. Determine a(t).
6
Let g(j) = j**3 - 28*j**2 - 1. Let s be g(28). Let o(l) = -1 + 0*l**2 + 3*l**2 - l - l. Calculate o(s).
4
Let i be -2*(3 - (-9)/(-2)) - 1. Let w(q) be the third derivative of 1/12*q**4 + 4*q**i + 0*q**3 + 0 + 0*q. Calculate w(-3).
-6
Let a = 63 - 54. Suppose -3*f + a = -4*t, 7*f + 3*t = 4*f + 9. Let i(v) = -v - 2. Determine i(f).
-5
Let g(o) = 9*o - 14. Let v be g(0). Let p(s) = -s - 7. What is p(v)?
7
Let y(s) = -2*s**2 + 2*s + 2. Let l(w) = -2*w**2 - 18*w + 23. Let b be l(-10). Determine y(b).
-10
Let o(w) = -w**2 + 7*w - 3. Suppose 5 = -t + 3*l, -3*t + 80*l = 84*l - 37. Give o(t).
-3
Let c(a) be the third derivative of 0*a - 1/60*a**5 + 0 - 1/6*a**3 + 10*a**2 + 1/120*a**6 + 0*a**4. Give c(0).
-1
Let q(k) = -4*k**3 - 19*k**2 - 15*k - 15. Let x(n) = 5*n**3 + 19*n**2 + 14*n + 17. Let c(l) = -4*q(l) - 3*x(l). Determine c(-18).
9
Let n(u) = -u**2 - 8*u + 6. Let x(l) = -7*l**2 - 12*l + 18. Let m(w) = w**2 - w - 1. Let i(r) = -5*m(r) - x(r). Let t(s) = -2*i(s) - 5*n(s). Determine t(-5).
-9
Suppose -3*q + 3 = 0, -5*q - 19 = 5*r - 4. Let s(o) = 2*o**2 + 3*o - 7. Determine s(r).
13
Let h(j) = -j**2 + j. Let f(n) = -n**3 - 12*n**2 + 13*n + 7. Let a(k) = -f(k) + 4*h(k). Suppose -20*y + 3*s = 174, -51*y = -52*y + 4*s - 1. Calculate a(y).
-7
Let a(n) = -n**3 - 4*n**2 + 2*n - 4. Let t(v) = v**3 - 9*v**2 + 6*v + 11. Suppose -b + 20*b - 152 = 0. Let q be t(b). Determine a(q).
11
Let j(o) be the third derivative of 3*o**6/40 - o**4/24 + o**3/6 - o**2. Let b(d) = 2*d**2 + 120*d + 233. Let m be b(-58). Give j(m).
9
Suppose x = 2*o - 3*x - 12, 12 = -3*o - 4*x. Let l(a) be the third derivative of -a**6/120 - a**5/60 - a**4/24 - 7*a**3/2 - 5*a**2. Determine l(o).
-21
Let v be ((-20)/(-6))/((-8)/(-36)). Suppose 0*h - 5*h = v. Let g(x) = -x**3 - x**2 + 3*x - 4. Give g(h).
5
Suppose 4*b - 59 = 5*x, -2*b - 2*b = -2*x - 50. Let f(r) be the second derivative of 1/6*r**3 + 1/6*r**4 + b*r - 1/2*r**2 + 0. Calculate f(2).
9
Let n(d) = 9*d + 15. Let r(j) = -4*j - 8. Suppose 3*v = 0, -8*l = -3*l - v + 10. Let u(z) = l*n(z) - 5*r(z). Calculate u(-8).
-6
Let b(w) = 2*w**2 + 4*w**2 - 13*w + w**3 + 5*w**2 - 67 + 50. Calculate b(-12).
-5
Let j(v) = -v - 7. Let q be j(-8). Let o(y) be the second derivative of -y**5/20 + y**2/2 + 6*y. Calculate o(q).
0
Suppose -4*r - 5 = -5*f + 11, 0 = 4*f + 5*r - 21. Suppose -f*l - l = -30. Let n(g) = -g**3 + 7*g**2 - 4*g - 4. Determine n(l).
8
Let y(i) = -i**2 - 14*i + 15. Let b be (71 + -65)*5/(-2). Give y(b).
0
Suppose 0 = -3*x + 3*g - 168, 2*x - 2*g + 113 = g. Let l = 55 + x. Let w(s) = -s**2 - s - 6. What is w(l)?
-6
Let s(c) = -c**3 + 6*c**2 + 8*c - 2. Let l(p) be the first derivative of p**4/4 + 7*p**3/3 - 21*p**2/2 - 20*p + 39. Let j be l(-9). Give s(j).
5
Let x(l) = 6*l + 5*l - l. Suppose 13*n = 32 - 19. Calculate x(n).
10
Let d = -6 + 8. Let p(z) = -z**2 + 2*z**2 - 1 + 1 - d + z. Let y(l) = 13*l + 63. Let c be y(-5). Calculate p(c).
0
Suppose -10*x + 77 - 127 = 0. Suppose -20 = 2*f - 7*f + j, -3*f + 12 = -5*j. Let v(r) = 0*r - r**3 - 3 - f*r - 6*r**2 + 8. Calculate v(x).
0
Let w(d) be the first derivative of d**3/3 - 3*d**2 + 2*d - 241. Suppose c + 1 = 7. What is w(c)?
2
Let a(k) = -2*k**3 - 2*k**2 - k + 1. Suppose -3*v - 4*c - 23 + 1 = 0, 0 = 2*v + 2*c + 12. Give a(v).
11
Let u(p) = -7*p - 3. Let i(s) = 20*s + 9. Let x(v) = -6*i(v) - 17*u(v). Let b be x(-4). Let l(d) = -4*d + 9*d - 3*d + b - 3*d. Give l(-3).
4
Let z = -35 + 32. Let k(a) = -36*a + 1. Let s(d) = 7*d. Let l(w) = -2*k(w) - 11*s(w). What is l(z)?
13
Let o(y) = -y**2 + 5*y + 3. Let p(a) = 170*a - 1190. Let k be p(7). Determine o(k).
3
Let g(a) = -234*a + 90. Let x(h) = -21*h + 8. Let l(k) = -4*g(k) + 45*x(k). Calculate l(1).
-9
Let a = 5 + -11. Let m(l) = -4*l + 1. Let s(f) = -2*f. Suppose 5*i + 6 = -0*z + z, 3*i + z + 10 = 0. Let k(y) = i*m(y) + 5*s(y). What is k(a)?
10
Let g(h) = h**3 - 11*h**2 - 14*h + 15. Suppose 4*i - 43 = 5*p, -6*i = -7*i - 3*p + 15. Determine g(i).
-9
Suppose -20*v - 30 = -10*v. Let g(b) = -b**2 - 2*b. Determine g(v).
-3
Let r(g) be the third derivative of -1/120*g**6 - 2/3*g**3 + 0*g + 5/24*g**4 + g**2 + 0 + 1/30*g**5. Determine r(3).
2
Suppose 0 = 3*k - h + 1, -2*k + h = -0*k + 2. Let a(g) be the third derivative of g**6/20 + g**5/30 - g**3/6 - 48*g**2 - 3*g. Determine a(k).
7
Let c = 1 - -4. Suppose -b + 0*b + 5 = 4*a, 5*b = c*a. Let d(w) = -2*w**3 + w**2 + w - 1. Determine d(a).
-1
Let l(s) = s**2 + 8*s + 10. Let x be 7 - 3 - 1/(-1). Let d be (9/2)/(x/10). Let m = -16 + d. Give l(m).
3
Let w = 11 - 15. Let l(v) = -1 + 4*v + 2*v + 9*v + 2. Let t(u) = 4*u. Let p(c) = 6*l(c) - 22*t(c). Calculate p(w).
-2
Let y = -15 - -11. Let q(f) = -3*f - 16 + 10 - 2*f - f. Give q(y).
18
Let j(a) = a**2 + 8. Suppose 0 = 12*l - 7*l - 10. Let m(q) = -q**3 + 4*q**2 - 4*q. Let x be m(l). What is j(x)?
8
Let k(u) = 3*u**2 + u. Let a(p) = p**3 + p**2 - 7*p - 12. Let f be a(-2). What is k(f)?
10
Let a(u) = 42*u + 1. Let k(o) = -31*o. Let y(d) = 3*a(d) + 4*k(d). Let m be (3 - 1)/(1/1). Determine y(m).
7
Let j be 18/4*(-2)/(-3). Let f(u) be the second derivative of u**3/3 + 2*u**2 + 25*u + 1. Determine f(j).
10
Let h be ((-6)/15)/(2/(-40)). Let i(y) = 0*y + y - 2 - h*y. Give i(2).
-16
Let r = 584 + -582. Let t(n) = n**2 + n - 3. Calculate t(r).
3
Let t(y) be the third derivative of y**5/30 + 5*y**3/6 + 10*y**2. Let k(p) = -5*p**2 - 11. Let b(i) = 4*k(i) + 9*t(i). Give b(-3).
-17
Let s(d) = 2*d + 3. Let q = -9 - -12. Suppose -1 = -q*r - 16. Give s(r).
-7
Let f(t) = t**2 - 9*t + 9. Suppose 0 = -5*n + 2*n + 21. Let m be f(n). Let q(v) be the first derivative of -v**2/2 - 7*v + 31. What is q(m)?
-2
Let c = 2 - 0. Let r(t) = -2*t - 9. Let g be r(-6). Let v(y) = -y**2 - y**2 - 2*y + 3*y + 2 + 2*y**g. Determine v(c).
12
Suppose 3*c - 13 + 10 = 0. Suppose -c = s - 3. Suppose -s*k = -4*k + 4, 0 = -m - 4*k + 1. Let a(o) = o + 14. Calculate a(m).
7
Let m(v) = -v**2 + 5*v - 2. Let f be m(4). Suppose z - 5*j + 2*j = -8, -3*z - f = 2*j. Let i(h) = 3*h - 1. Determine i(z).
-7
Let g(r) = -2*r**3 - r**2 + 2*r + 2. Let a(o) = -3*o**3 - 3*o**2 + 4*o + 3. Let z(m) = -3*a(m) + 5*g(m). What is z(2)?
5
Let z(c) = 3 + 0*c**2 - 1 - c**2 - 6*c. Let s(o) = -2*o - 4 - 1 - 4 + 3. Let k be s(0). Determine z(k).
2
Suppose -3*p + 24 = 3*c, 3*p = -2*c - 4 + 21. Let l(n) = -n**3 + 8*n**2 - 7*n + 6. Ca